{"id":697,"date":"2024-04-20T08:27:42","date_gmt":"2024-04-20T06:27:42","guid":{"rendered":"https:\/\/museocr.org\/ninos\/?page_id=697"},"modified":"2025-03-20T00:21:41","modified_gmt":"2025-03-20T06:21:41","slug":"actividades-y-experimentos","status":"publish","type":"page","link":"https:\/\/museocr.org\/ninos\/actividades-y-experimentos\/","title":{"rendered":"Actividades y Experimentos"},"content":{"rendered":"\t\t<div data-elementor-type=\"wp-page\" data-elementor-id=\"697\" class=\"elementor elementor-697\" data-elementor-post-type=\"page\">\n\t\t\t\t<div data-particle_enable=\"false\" data-particle-mobile-disabled=\"false\" data-dce-background-color=\"#FFFFFF\" class=\"elementor-element elementor-element-a673784 e-con-full e-flex e-con e-parent\" data-id=\"a673784\" data-element_type=\"container\" data-settings=\"{&quot;background_background&quot;:&quot;classic&quot;,&quot;background_motion_fx_motion_fx_scrolling&quot;:&quot;yes&quot;,&quot;background_motion_fx_scale_effect&quot;:&quot;yes&quot;,&quot;background_motion_fx_scale_speed&quot;:{&quot;unit&quot;:&quot;px&quot;,&quot;size&quot;:2,&quot;sizes&quot;:[]},&quot;background_motion_fx_scale_direction&quot;:&quot;out-in&quot;,&quot;background_motion_fx_scale_range&quot;:{&quot;unit&quot;:&quot;%&quot;,&quot;size&quot;:&quot;&quot;,&quot;sizes&quot;:{&quot;start&quot;:20,&quot;end&quot;:80}},&quot;background_motion_fx_devices&quot;:[&quot;desktop&quot;,&quot;tablet&quot;,&quot;mobile&quot;]}\">\n\t\t<div data-particle_enable=\"false\" data-particle-mobile-disabled=\"false\" class=\"elementor-element elementor-element-60b69b1 e-con-full e-flex e-con e-child\" data-id=\"60b69b1\" data-element_type=\"container\">\n\t\t\t\t<div class=\"elementor-element elementor-element-b6dd28e elementor-widget elementor-widget-heading\" data-id=\"b6dd28e\" data-element_type=\"widget\" data-widget_type=\"heading.default\">\n\t\t\t\t<div class=\"elementor-widget-container\">\n\t\t\t\t\t<h2 class=\"elementor-heading-title elementor-size-default\">Actividades y Experimentos<\/h2>\t\t\t\t<\/div>\n\t\t\t\t<\/div>\n\t\t\t\t<div class=\"elementor-element elementor-element-b43f549 elementor-widget__width-initial elementor-widget-mobile__width-inherit elementor-widget elementor-widget-text-editor\" data-id=\"b43f549\" data-element_type=\"widget\" data-widget_type=\"text-editor.default\">\n\t\t\t\t<div class=\"elementor-widget-container\">\n\t\t\t\t\t\t\t\t\t<p><span style=\"font-weight: 400;\">En\u00a0 el \u00e1mbito educativo desde hace un tiempo se viene hablando de la inclusi\u00f3n para los ni\u00f1os y las ni\u00f1as que est\u00e1n en el \u00e1mbito escolar.<\/span><\/p><p><span style=\"font-weight: 400;\"> <strong>\u00bfPero como docentes c\u00f3mo podemos lograr que esto sea una completa realidad y deje de ser una utop\u00eda? <\/strong><\/span><\/p>\t\t\t\t\t\t\t\t<\/div>\n\t\t\t\t<\/div>\n\t\t\t\t<\/div>\n\t\t<div data-particle_enable=\"false\" data-particle-mobile-disabled=\"false\" class=\"elementor-element elementor-element-7ae0aef e-con-full e-flex e-con e-child\" data-id=\"7ae0aef\" data-element_type=\"container\">\n\t\t\t\t<div class=\"elementor-element elementor-element-06ba2d8 dce_masking-none elementor-widget elementor-widget-image\" data-id=\"06ba2d8\" data-element_type=\"widget\" data-widget_type=\"image.default\">\n\t\t\t\t<div class=\"elementor-widget-container\">\n\t\t\t\t\t\t\t\t\t\t\t\t\t\t\t<img fetchpriority=\"high\" decoding=\"async\" width=\"1181\" height=\"1181\" src=\"https:\/\/museocr.org\/ninos\/wp-content\/uploads\/sites\/2\/2024\/04\/3.png\" class=\"attachment-full size-full wp-image-3368\" alt=\"\" srcset=\"https:\/\/museocr.org\/ninos\/wp-content\/uploads\/sites\/2\/2024\/04\/3.png 1181w, https:\/\/museocr.org\/ninos\/wp-content\/uploads\/sites\/2\/2024\/04\/3-300x300.png 300w, https:\/\/museocr.org\/ninos\/wp-content\/uploads\/sites\/2\/2024\/04\/3-1024x1024.png 1024w, https:\/\/museocr.org\/ninos\/wp-content\/uploads\/sites\/2\/2024\/04\/3-150x150.png 150w, https:\/\/museocr.org\/ninos\/wp-content\/uploads\/sites\/2\/2024\/04\/3-768x768.png 768w\" sizes=\"(max-width: 1181px) 100vw, 1181px\" \/>\t\t\t\t\t\t\t\t\t\t\t\t\t\t\t<\/div>\n\t\t\t\t<\/div>\n\t\t\t\t<div class=\"elementor-element elementor-element-bd282ee dce_masking-none elementor-widget elementor-widget-image\" data-id=\"bd282ee\" data-element_type=\"widget\" data-widget_type=\"image.default\">\n\t\t\t\t<div class=\"elementor-widget-container\">\n\t\t\t\t\t\t\t\t\t\t\t\t\t\t\t<img decoding=\"async\" width=\"1181\" height=\"1181\" src=\"https:\/\/museocr.org\/ninos\/wp-content\/uploads\/sites\/2\/2024\/04\/2.png\" class=\"attachment-full size-full wp-image-3212\" alt=\"\" srcset=\"https:\/\/museocr.org\/ninos\/wp-content\/uploads\/sites\/2\/2024\/04\/2.png 1181w, https:\/\/museocr.org\/ninos\/wp-content\/uploads\/sites\/2\/2024\/04\/2-300x300.png 300w, https:\/\/museocr.org\/ninos\/wp-content\/uploads\/sites\/2\/2024\/04\/2-1024x1024.png 1024w, https:\/\/museocr.org\/ninos\/wp-content\/uploads\/sites\/2\/2024\/04\/2-150x150.png 150w, https:\/\/museocr.org\/ninos\/wp-content\/uploads\/sites\/2\/2024\/04\/2-768x768.png 768w\" sizes=\"(max-width: 1181px) 100vw, 1181px\" \/>\t\t\t\t\t\t\t\t\t\t\t\t\t\t\t<\/div>\n\t\t\t\t<\/div>\n\t\t\t\t<\/div>\n\t\t\t\t<\/div>\n\t\t<div data-particle_enable=\"false\" data-particle-mobile-disabled=\"false\" class=\"elementor-element elementor-element-34c4abd e-flex e-con-boxed e-con e-parent\" data-id=\"34c4abd\" data-element_type=\"container\">\n\t\t\t\t\t<div class=\"e-con-inner\">\n\t\t\t\t<div class=\"elementor-element elementor-element-219dfc4 elementor-widget elementor-widget-heading\" data-id=\"219dfc4\" data-element_type=\"widget\" data-widget_type=\"heading.default\">\n\t\t\t\t<div class=\"elementor-widget-container\">\n\t\t\t\t\t<h2 class=\"elementor-heading-title elementor-size-default\">Art\u00edculos de Inter\u00e9s <\/h2>\t\t\t\t<\/div>\n\t\t\t\t<\/div>\n\t\t\t\t<div class=\"elementor-element elementor-element-c724029 elementor-grid-eael-col-3 elementor-grid-tablet-eael-col-2 elementor-grid-mobile-eael-col-1 elementor-widget elementor-widget-eael-post-grid\" data-id=\"c724029\" data-element_type=\"widget\" data-settings=\"{&quot;eael_post_grid_columns&quot;:&quot;eael-col-3&quot;,&quot;eael_post_grid_columns_tablet&quot;:&quot;eael-col-2&quot;,&quot;eael_post_grid_columns_mobile&quot;:&quot;eael-col-1&quot;}\" data-widget_type=\"eael-post-grid.default\">\n\t\t\t\t<div class=\"elementor-widget-container\">\n\t\t\t\t\t<div id=\"eael-post-grid-c724029\" class=\"eael-post-grid-container\">\n            <div class=\"eael-post-grid eael-post-appender eael-post-appender-c724029 eael-post-grid-style-two\" data-layout-mode=\"masonry\"><p class=\"no-posts-found\">\u00a1No se han encontrado entradas!<\/p><\/div>\n            <div class=\"clearfix\"><\/div>\n        <\/div>\t\t\t\t<\/div>\n\t\t\t\t<\/div>\n\t\t\t\t\t<\/div>\n\t\t\t\t<\/div>\n\t\t\t\t<\/div>\n\t\t","protected":false},"excerpt":{"rendered":"<p>En\u00a0 el \u00e1mbito educativo desde hace un tiempo se viene hablando de la inclusi\u00f3n para los ni\u00f1os y las ni\u00f1as que est\u00e1n en el \u00e1mbito escolar. \u00bfPero como docentes c\u00f3mo podemos lograr que esto sea una completa realidad y deje de ser una utop\u00eda? Art\u00edculos de Inter\u00e9s Como mejorar la comprensi\u00f3n de lectura en los [&hellip;]<\/p>\n","protected":false},"author":1,"featured_media":0,"parent":0,"menu_order":0,"comment_status":"closed","ping_status":"closed","template":"","meta":{"_acf_changed":false,"footnotes":""},"class_list":["post-697","page","type-page","status-publish","hentry"],"acf":[],"yoast_head":"<!-- This site is optimized with the Yoast SEO plugin v27.5 - https:\/\/yoast.com\/product\/yoast-seo-wordpress\/ -->\n<title>Actividades y Experimentos - Museo de los Ni\u00f1os<\/title>\n<meta name=\"robots\" content=\"index, follow, max-snippet:-1, max-image-preview:large, max-video-preview:-1\" \/>\n<link rel=\"canonical\" href=\"https:\/\/museocr.org\/ninos\/actividades-y-experimentos\/\" \/>\n<meta property=\"og:locale\" content=\"es_ES\" \/>\n<meta property=\"og:type\" content=\"article\" \/>\n<meta property=\"og:title\" content=\"Actividades y Experimentos - Museo de los Ni\u00f1os\" \/>\n<meta property=\"og:description\" content=\"En\u00a0 el \u00e1mbito educativo desde hace un tiempo se viene hablando de la inclusi\u00f3n para los ni\u00f1os y las ni\u00f1as que est\u00e1n en el \u00e1mbito escolar. \u00bfPero como docentes c\u00f3mo podemos lograr que esto sea una completa realidad y deje de ser una utop\u00eda? Art\u00edculos de Inter\u00e9s Como mejorar la comprensi\u00f3n de lectura en los [&hellip;]\" \/>\n<meta property=\"og:url\" content=\"https:\/\/museocr.org\/ninos\/actividades-y-experimentos\/\" \/>\n<meta property=\"og:site_name\" content=\"Museo de los Ni\u00f1os\" \/>\n<meta property=\"article:publisher\" content=\"https:\/\/www.facebook.com\/museodelosninoscr\" \/>\n<meta property=\"article:modified_time\" content=\"2025-03-20T06:21:41+00:00\" \/>\n<meta property=\"og:image\" content=\"https:\/\/museocr.org\/ninos\/wp-content\/uploads\/sites\/2\/2024\/04\/3.png\" \/>\n\t<meta property=\"og:image:width\" content=\"1181\" \/>\n\t<meta property=\"og:image:height\" content=\"1181\" \/>\n\t<meta property=\"og:image:type\" content=\"image\/png\" \/>\n<meta name=\"twitter:card\" content=\"summary_large_image\" \/>\n<meta name=\"twitter:label1\" content=\"Tiempo de lectura\" \/>\n\t<meta name=\"twitter:data1\" content=\"2 minutos\" \/>\n<script type=\"application\/ld+json\" class=\"yoast-schema-graph\">{\"@context\":\"https:\\\/\\\/schema.org\",\"@graph\":[{\"@type\":\"WebPage\",\"@id\":\"https:\\\/\\\/museocr.org\\\/ninos\\\/actividades-y-experimentos\\\/\",\"url\":\"https:\\\/\\\/museocr.org\\\/ninos\\\/actividades-y-experimentos\\\/\",\"name\":\"Actividades y Experimentos - Museo de los Ni\u00f1os\",\"isPartOf\":{\"@id\":\"https:\\\/\\\/museocr.org\\\/ninos\\\/#website\"},\"primaryImageOfPage\":{\"@id\":\"https:\\\/\\\/museocr.org\\\/ninos\\\/actividades-y-experimentos\\\/#primaryimage\"},\"image\":{\"@id\":\"https:\\\/\\\/museocr.org\\\/ninos\\\/actividades-y-experimentos\\\/#primaryimage\"},\"thumbnailUrl\":\"https:\\\/\\\/museocr.org\\\/ninos\\\/wp-content\\\/uploads\\\/sites\\\/2\\\/2024\\\/04\\\/3.png\",\"datePublished\":\"2024-04-20T06:27:42+00:00\",\"dateModified\":\"2025-03-20T06:21:41+00:00\",\"inLanguage\":\"es\",\"potentialAction\":[{\"@type\":\"ReadAction\",\"target\":[\"https:\\\/\\\/museocr.org\\\/ninos\\\/actividades-y-experimentos\\\/\"]}]},{\"@type\":\"ImageObject\",\"inLanguage\":\"es\",\"@id\":\"https:\\\/\\\/museocr.org\\\/ninos\\\/actividades-y-experimentos\\\/#primaryimage\",\"url\":\"https:\\\/\\\/museocr.org\\\/ninos\\\/wp-content\\\/uploads\\\/sites\\\/2\\\/2024\\\/04\\\/3.png\",\"contentUrl\":\"https:\\\/\\\/museocr.org\\\/ninos\\\/wp-content\\\/uploads\\\/sites\\\/2\\\/2024\\\/04\\\/3.png\",\"width\":1181,\"height\":1181},{\"@type\":\"WebSite\",\"@id\":\"https:\\\/\\\/museocr.org\\\/ninos\\\/#website\",\"url\":\"https:\\\/\\\/museocr.org\\\/ninos\\\/\",\"name\":\"Museo de los Ni\u00f1os\",\"description\":\"Instituci\u00f3n Benem\u00e9rita de Costa Rica\",\"publisher\":{\"@id\":\"https:\\\/\\\/museocr.org\\\/ninos\\\/#organization\"},\"potentialAction\":[{\"@type\":\"SearchAction\",\"target\":{\"@type\":\"EntryPoint\",\"urlTemplate\":\"https:\\\/\\\/museocr.org\\\/ninos\\\/?s={search_term_string}\"},\"query-input\":{\"@type\":\"PropertyValueSpecification\",\"valueRequired\":true,\"valueName\":\"search_term_string\"}}],\"inLanguage\":\"es\"},{\"@type\":\"Organization\",\"@id\":\"https:\\\/\\\/museocr.org\\\/ninos\\\/#organization\",\"name\":\"Museo de los Ni\u00f1os\",\"url\":\"https:\\\/\\\/museocr.org\\\/ninos\\\/\",\"logo\":{\"@type\":\"ImageObject\",\"inLanguage\":\"es\",\"@id\":\"https:\\\/\\\/museocr.org\\\/ninos\\\/#\\\/schema\\\/logo\\\/image\\\/\",\"url\":\"https:\\\/\\\/museocr.org\\\/ninos\\\/wp-content\\\/uploads\\\/sites\\\/2\\\/2021\\\/05\\\/Menu-Global.svg\",\"contentUrl\":\"https:\\\/\\\/museocr.org\\\/ninos\\\/wp-content\\\/uploads\\\/sites\\\/2\\\/2021\\\/05\\\/Menu-Global.svg\",\"width\":192,\"height\":104,\"caption\":\"Museo de los Ni\u00f1os\"},\"image\":{\"@id\":\"https:\\\/\\\/museocr.org\\\/ninos\\\/#\\\/schema\\\/logo\\\/image\\\/\"},\"sameAs\":[\"https:\\\/\\\/www.facebook.com\\\/museodelosninoscr\",\"https:\\\/\\\/www.instagram.com\\\/museodelosninoscr\\\/\"]}]}<\/script>\n<!-- \/ Yoast SEO plugin. -->","yoast_head_json":{"title":"Actividades y Experimentos - Museo de los Ni\u00f1os","robots":{"index":"index","follow":"follow","max-snippet":"max-snippet:-1","max-image-preview":"max-image-preview:large","max-video-preview":"max-video-preview:-1"},"canonical":"https:\/\/museocr.org\/ninos\/actividades-y-experimentos\/","og_locale":"es_ES","og_type":"article","og_title":"Actividades y Experimentos - Museo de los Ni\u00f1os","og_description":"En\u00a0 el \u00e1mbito educativo desde hace un tiempo se viene hablando de la inclusi\u00f3n para los ni\u00f1os y las ni\u00f1as que est\u00e1n en el \u00e1mbito escolar. \u00bfPero como docentes c\u00f3mo podemos lograr que esto sea una completa realidad y deje de ser una utop\u00eda? Art\u00edculos de Inter\u00e9s Como mejorar la comprensi\u00f3n de lectura en los [&hellip;]","og_url":"https:\/\/museocr.org\/ninos\/actividades-y-experimentos\/","og_site_name":"Museo de los Ni\u00f1os","article_publisher":"https:\/\/www.facebook.com\/museodelosninoscr","article_modified_time":"2025-03-20T06:21:41+00:00","og_image":[{"width":1181,"height":1181,"url":"https:\/\/museocr.org\/ninos\/wp-content\/uploads\/sites\/2\/2024\/04\/3.png","type":"image\/png"}],"twitter_card":"summary_large_image","twitter_misc":{"Tiempo de lectura":"2 minutos"},"schema":{"@context":"https:\/\/schema.org","@graph":[{"@type":"WebPage","@id":"https:\/\/museocr.org\/ninos\/actividades-y-experimentos\/","url":"https:\/\/museocr.org\/ninos\/actividades-y-experimentos\/","name":"Actividades y Experimentos - Museo de los Ni\u00f1os","isPartOf":{"@id":"https:\/\/museocr.org\/ninos\/#website"},"primaryImageOfPage":{"@id":"https:\/\/museocr.org\/ninos\/actividades-y-experimentos\/#primaryimage"},"image":{"@id":"https:\/\/museocr.org\/ninos\/actividades-y-experimentos\/#primaryimage"},"thumbnailUrl":"https:\/\/museocr.org\/ninos\/wp-content\/uploads\/sites\/2\/2024\/04\/3.png","datePublished":"2024-04-20T06:27:42+00:00","dateModified":"2025-03-20T06:21:41+00:00","inLanguage":"es","potentialAction":[{"@type":"ReadAction","target":["https:\/\/museocr.org\/ninos\/actividades-y-experimentos\/"]}]},{"@type":"ImageObject","inLanguage":"es","@id":"https:\/\/museocr.org\/ninos\/actividades-y-experimentos\/#primaryimage","url":"https:\/\/museocr.org\/ninos\/wp-content\/uploads\/sites\/2\/2024\/04\/3.png","contentUrl":"https:\/\/museocr.org\/ninos\/wp-content\/uploads\/sites\/2\/2024\/04\/3.png","width":1181,"height":1181},{"@type":"WebSite","@id":"https:\/\/museocr.org\/ninos\/#website","url":"https:\/\/museocr.org\/ninos\/","name":"Museo de los Ni\u00f1os","description":"Instituci\u00f3n Benem\u00e9rita de Costa Rica","publisher":{"@id":"https:\/\/museocr.org\/ninos\/#organization"},"potentialAction":[{"@type":"SearchAction","target":{"@type":"EntryPoint","urlTemplate":"https:\/\/museocr.org\/ninos\/?s={search_term_string}"},"query-input":{"@type":"PropertyValueSpecification","valueRequired":true,"valueName":"search_term_string"}}],"inLanguage":"es"},{"@type":"Organization","@id":"https:\/\/museocr.org\/ninos\/#organization","name":"Museo de los Ni\u00f1os","url":"https:\/\/museocr.org\/ninos\/","logo":{"@type":"ImageObject","inLanguage":"es","@id":"https:\/\/museocr.org\/ninos\/#\/schema\/logo\/image\/","url":"https:\/\/museocr.org\/ninos\/wp-content\/uploads\/sites\/2\/2021\/05\/Menu-Global.svg","contentUrl":"https:\/\/museocr.org\/ninos\/wp-content\/uploads\/sites\/2\/2021\/05\/Menu-Global.svg","width":192,"height":104,"caption":"Museo de los Ni\u00f1os"},"image":{"@id":"https:\/\/museocr.org\/ninos\/#\/schema\/logo\/image\/"},"sameAs":["https:\/\/www.facebook.com\/museodelosninoscr","https:\/\/www.instagram.com\/museodelosninoscr\/"]}]}},"_links":{"self":[{"href":"https:\/\/museocr.org\/ninos\/wp-json\/wp\/v2\/pages\/697","targetHints":{"allow":["GET"]}}],"collection":[{"href":"https:\/\/museocr.org\/ninos\/wp-json\/wp\/v2\/pages"}],"about":[{"href":"https:\/\/museocr.org\/ninos\/wp-json\/wp\/v2\/types\/page"}],"author":[{"embeddable":true,"href":"https:\/\/museocr.org\/ninos\/wp-json\/wp\/v2\/users\/1"}],"replies":[{"embeddable":true,"href":"https:\/\/museocr.org\/ninos\/wp-json\/wp\/v2\/comments?post=697"}],"version-history":[{"count":88,"href":"https:\/\/museocr.org\/ninos\/wp-json\/wp\/v2\/pages\/697\/revisions"}],"predecessor-version":[{"id":4639,"href":"https:\/\/museocr.org\/ninos\/wp-json\/wp\/v2\/pages\/697\/revisions\/4639"}],"wp:attachment":[{"href":"https:\/\/museocr.org\/ninos\/wp-json\/wp\/v2\/media?parent=697"}],"curies":[{"name":"wp","href":"https:\/\/api.w.org\/{rel}","templated":true}]}}